+ 379 = 124. Suppose 0 = -l*c + 2151 + 10021. List the prime factors of c.
2, 179
Let l(k) = -2*k**2 - 11*k - 7. Let f be l(-7). Let o be (-108)/(-21) - (-4)/f. Suppose -180 = -3*c + 3*y, -316 = -0*c - o*c - 3*y. List the prime factors of c.
2, 31
Let t(u) = 95*u**2 + 43*u - 308. List the prime factors of t(7).
2, 7, 83
Let b = 5 - -1944. Let c = -1203 + b. What are the prime factors of c?
2, 373
Let u(l) = -2*l**3 - l**2 + l + 1. Let a(p) = 16*p**3 + p**2 + 3*p - 2. Let m(q) = a(q) + 6*u(q). What are the prime factors of m(3)?
2, 47
Let j = -616 - -341. Let o = j - -470. What are the prime factors of o?
3, 5, 13
Suppose -79*h = -74*h - 10. What are the prime factors of ((-1)/h)/(28/(-12544))?
2, 7
Let j(y) = 5*y**2 - 7*y + 10. Let n be 3/4*(-224)/(-21). List the prime factors of j(n).
2, 137
Let c = 11 + -9. Suppose -c*z - 5830 = -5*o, 338 = 5*o - 3*z - 5492. What are the prime factors of o?
2, 11, 53
Let d(w) = 28440*w**3 - 4*w**2 + 89*w - 88. List the prime factors of d(1).
3, 9479
Let v = -1198 + -1832. Let r be ((-1)/3)/(10/v). Suppose 3*y = -4*a + r, -a = -2*y - 0*a + 82. What are the prime factors of y?
3, 13
Suppose 2*h - 4*k + k + 146 = 0, -4*h - 3*k - 256 = 0. Suppose 0 = 3*u - 4*c - 334, -2*c - 211 = -2*u - c. Let i = u + h. List the prime factors of i.
5, 7
Let x(i) be the third derivative of 0*i + 30*i**2 - 25/6*i**3 - 65/24*i**4 + 0. What are the prime factors of x(-4)?
5, 47
Let h(r) = -r**3 - 7*r**2 + 7*r - 4. Let o be h(-8). Suppose 0 = -o*b + 433 - 5. Suppose -b = -3*a + 226. What are the prime factors of a?
3, 37
List the prime factors of 12635 + (16 - (0 + -3)).
2, 3, 19, 37
Suppose b = -78 - 18. Let d = -90 - b. Suppose 0 = d*r - 0*r - 942. What are the prime factors of r?
157
What are the prime factors of -9645*(1 + -4 + 2)/3?
5, 643
Suppose -33*r + 35*r = 2*t - 52734, 5*r + 52755 = 2*t. What are the prime factors of t?
2, 5, 659
Let t(h) = 1 - 7 + 9*h**2 + 3*h**3 - h**3 - 3*h + 4. Let j be t(-4). Suppose -25*x + j*x - 38 = 0. List the prime factors of x.
2, 19
Let o be 0/(3 + -1)*1. Let b = 57 - 10. Suppose -n + b + 30 = o. What are the prime factors of n?
7, 11
Suppose 26*a - 24*a - 4*l = 0, 5*l + 10 = 0. What are the prime factors of 43*1/1*(-124)/a?
31, 43
Let c(i) = -8*i - 5. Let q(h) = 55*h + 35. Let w(m) = 15*c(m) + 2*q(m). Let u be w(-2). Let t = -13 + u. List the prime factors of t.
2
Let q = 307 - 299. Suppose 5*k = -q*k + 4355. List the prime factors of k.
5, 67
Let s(r) = r**3 - 18*r**2 + 12*r + 36. Let i be s(17). Let x be (6/4)/((-5)/(-150)). Let d = x - i. What are the prime factors of d?
2, 47
Let b = -12 + 7. Let q be 5 - (-74)/(-10) - 2/b. Let s(u) = 10*u**2 - 4*u - 6. What are the prime factors of s(q)?
2, 3, 7
Let m be (-1 + (1 - 1))*-6. Suppose -12*g = -9*g + 5*x + 25, -25 = g + 5*x. Suppose g = m*f - 90 - 18. List the prime factors of f.
2, 3
Let j(m) = -2*m**2 + 8*m + 6. Let t(h) = 2*h**2 - 7*h - 5. Let g(o) = 5*j(o) + 6*t(o). Let l be g(3). Suppose 17*p - l*p = 185. List the prime factors of p.
37
Let h = -1144 + 948. Let r = -482 - -827. Let u = h + r. List the prime factors of u.
149
Suppose 0 = 2*v + p - 67673, -v + 6*p = 8*p - 33841. List the prime factors of v.
5, 67, 101
Let a be 32/(2/(-1)) + -1. Suppose -5*s - 62 = -4*q, s = -4*q - 3*s + 80. What are the prime factors of (a + 22)/(2/q)?
3, 5
Suppose -333947 = -4*a - t, -22*a - 2*t - 417463 = -27*a. List the prime factors of a.
7, 11927
Let v be 0 - -10 - (-21)/14*-2. Suppose 0 = -v*k - 2*k + 1386. Suppose 2*g - k = 12. List the prime factors of g.
83
Let w(j) = -20*j - 25. Let d = 29 - 27. Suppose d*r + 24 = -r. List the prime factors of w(r).
3, 5
Suppose 20 = 5*t, 4*p + 2*t + 18 = -6. Let u be (-5)/(-20) - 1 - 198/p. Suppose -292 = -2*l - u. What are the prime factors of l?
2, 67
Let f(p) = 3*p**3 - 4*p**2 + 5*p - 3. Let d be f(1). Let v be (-126)/36*4*d*-137. Suppose -10*s + 24*s - v = 0. List the prime factors of s.
137
Let q(l) = -130*l**3 + 2*l**2 - 1. Let f be q(1). Let w = 451 + f. List the prime factors of w.
2, 7, 23
Let u = -2590 + 4829. What are the prime factors of u?
2239
Let i(k) = 407*k**2 - 4*k + 5. Let c be i(1). Let n = c - 96. What are the prime factors of n?
2, 3, 13
Suppose -3*d - w = -2394, -1846 + 250 = -2*d - w. Let n = -257 + d. List the prime factors of n.
541
Let h(g) = -10*g - 266. Let c be h(-28). Suppose c*a - 19597 - 6947 = 0. List the prime factors of a.
2, 3, 79
Suppose -251*o + 253*o - 536 = 0. Suppose -o*d = -271*d + 1653. List the prime factors of d.
19, 29
Let b = 6018 - 64. What are the prime factors of b?
2, 13, 229
Let b(h) = 6*h**3 + 27*h**2 - 7*h - 123. List the prime factors of b(12).
3, 7, 223
Let c be (312/(-60))/(2/(-40)) - 0. Let k = c + 318. List the prime factors of k.
2, 211
Let b(a) = -a**3 + 17*a**2 - 89*a - 4. Let y be b(10). Suppose -254 - 67 = 3*h. Let k = h - y. List the prime factors of k.
3, 29
Let p(t) = t**2 - 16*t - 26. Let i be p(18). Suppose -i*u + 2710 = -0*u. Suppose -536 = b - 3*b + 5*n, u = b - n. What are the prime factors of b?
3, 7, 13
Let g = -10207 + 14554. List the prime factors of g.
3, 7, 23
Let q = 50096 + -22396. What are the prime factors of q?
2, 5, 277
Suppose 4*b = -t - 86, 107 = -5*b + 6*t - 7*t. What are the prime factors of (b - -8) + 8 + 646?
641
Let w be ((-4440)/(-5))/3 - 2. Suppose 990 = 88*c - 93*c. Let h = c + w. List the prime factors of h.
2, 3
Let q = 3557 + 5953. Suppose r = -14*r + q. What are the prime factors of r?
2, 317
Let c(j) = j**2 - 95*j + 131. List the prime factors of c(-48).
5, 1399
Let d(k) = 23*k - 48. Let f be d(9). Suppose y = 48 + f. What are the prime factors of y?
3, 23
List the prime factors of (1*7)/((95/570)/(2198/6)).
2, 7, 157
Suppose 0*s - 2*s + 1134 = c, 3*s - 2265 = -2*c. Let p be (1 + (-9)/2)/1*26/(-13). Suppose -c = v - p*v. What are the prime factors of v?
2, 47
Let p(k) = 1752*k + 3196. List the prime factors of p(0).
2, 17, 47
Suppose 3 = r - 5*p, -8 + 2 = -2*r + 3*p. Suppose 0 = s - r*s - 74. Let z = 36 - s. List the prime factors of z.
73
Let j be -5*((-1 - -2) + (6 - 8)). Suppose 5*x - 5515 = -0*u + j*u, 2*u = -8. List the prime factors of x.
7, 157
Let l be 4 - 52 - 2 - 0. Let k = l - -46. List the prime factors of (-368)/k*(0 + 3/6).
2, 23
Let z(t) = -t**3 + 20*t**2 + 40*t - 25. Let k be z(21). Suppose 0 = -17*o + 1632 + k. List the prime factors of o.
2, 59
Suppose -5*o + z + 101318 = 30884, 4*o - 56324 = -5*z. List the prime factors of o.
2, 7043
Suppose 3*u = b + 3*b + 64458, 3*u = -4*b + 64506. List the prime factors of u.
2, 11, 977
Let l be (-7 + 8)*(-3 + 3). Suppose 2*y + 3*z = 321, 2*y - 315 = -l*y - z. List the prime factors of y.
2, 3, 13
Suppose -2*f = -2, -5*p - 9*f + 5*f = -354. Suppose 6*w = -4*w + p. Suppose -w*h + 15*h = 128. List the prime factors of h.
2
Let z be 694/(-8) + 11/4 + -2. Let v = z + 220. What are the prime factors of v?
2, 67
Let i = -178 + 91. List the prime factors of (i + 1)/(21/(1470/(-20))).
7, 43
Let l = 533 + -337. Suppose 0*s - 7*s = l. What are the prime factors of -10*(s/(-8))/(-7)?
5
Let f(g) = 717*g + 83. What are the prime factors of f(8)?
11, 23
Let p(l) be the second derivative of -23*l**3/6 - 83*l**2/2 - 10*l - 7. List the prime factors of p(-19).
2, 3, 59
Let u(l) be the third derivative of l**6/120 + 11*l**5/60 + 17*l**4/24 - 5*l**3/6 + 97*l**2. List the prime factors of u(-8).
3, 17
Let i(s) = -385*s + 218. List the prime factors of i(-60).
2, 89, 131
Let c = -17567 - -60868. What are the prime factors of c?
19, 43, 53
Let j(t) = t**2 - 8*t - 166. Let a be j(18). Suppose 28*w - 9002 = a*w. List the prime factors of w.
643
Let d be (-2)/11 - 84/(-462). What are the prime factors of d/(-1 + -6) - -543?
3, 181
Suppose 0 = 5*l + 2*a - 786, -4*l + 426 = 3*a - 200. Let d = 307 - l. List the prime factors of d.
149
Suppose -146221 = -5*r + 62024. What are the prime factors of r?
3, 13883
Let v = 3764 - 6179. What are the prime factors of (12/(-15))/(4833/v + 2)?
2, 7, 23
Suppose 5*b = 8*b. Suppose 3 = 3*j + 3*m, -5*j - 2*m - 1 + 3 = b. Suppose j = -2*s - 4*s + 462. What are the prime factors of s?
7, 11
Let k(t) = -6*t**2 - 4*t + 2. Let q be k(-2). Let w(a) = 2*a**2 + 19*a + 14. What are the prime factors of w(q)?
2, 5, 7
Let n = 49 + -30. Suppose -m = 4*m + 3*a